at are the prime factors of q(-4)?
257
Let f(v) = 27*v**2 - 3*v - 2. Let g be f(2). What are the prime factors of (g/7)/((-4)/(-14))?
2, 5
Suppose 2*w + 51 = -3*x, 29 + 0 = -2*x - 3*w. Let p = x + 23. Suppose -2*k + 2*y = -2, 0 = -k - 6*y + p*y + 13. List the prime factors of k.
5
Let f be 1/(-2) - (-63)/6. What are the prime factors of (-438)/(-10) + 2/f?
2, 11
Let o(x) = 25*x - 85. What are the prime factors of o(10)?
3, 5, 11
Let z be ((-1)/1)/((-6)/(-18)). Let r be -25*(z - (1 - 0)). Suppose 5*c = 3*t - 7*t + r, 100 = 4*t - 3*c. What are the prime factors of t?
5
What are the prime factors of ((-50)/(-75))/((-2)/(-6)) - -977?
11, 89
Let w = -20 - -78. Suppose -2*n = -w - 102. What are the prime factors of n?
2, 5
Suppose 0 = -46*n + 44*n + 822. What are the prime factors of n?
3, 137
Let c be 156 + (1 - 1) + 5 + -4. Let j = c + -19. List the prime factors of j.
2, 3, 23
Suppose 5 - 2 = a. Let r(x) = -3*x - 2. Let k be r(-1). Suppose 0 = a*h - 71 - k. List the prime factors of h.
2, 3
Let s = 593 + -266. List the prime factors of s.
3, 109
Suppose 0 = l - 0*l - u, 0 = -2*u - 2. Let p be (l/(-2))/(3/54). Suppose 5*r = 5*n - 70, 0 = -3*n + 4*r - p + 54. List the prime factors of n.
11
Let k(t) = -52*t**3 + 2*t**2 + 5*t + 4. What are the prime factors of k(-2)?
2, 11, 19
Let f(c) = -c**2 - 8*c + 4. Let a be f(-13). Let t(z) = z**3 + 4*z**2 + 8*z - 5. Let p be t(-6). Let g = a - p. What are the prime factors of g?
2
Let y = 610 - 248. Let j = -222 + y. What are the prime factors of j?
2, 5, 7
Suppose -3*g - 2*g = -3*n - 8, 0 = 4*g - 4*n. Suppose -3*h - 5*a = 3, a - 9 = g*a. Suppose 2*j = -h + 68. What are the prime factors of j?
2
What are the prime factors of 234*-21*(-3)/9?
2, 3, 7, 13
Let p = -181 + 990. What are the prime factors of p?
809
Let i(t) = 3*t**2 - 4*t**2 + 2 + 11 - 5 - 21*t. What are the prime factors of i(-6)?
2, 7
Let w(r) = -89*r + 130. What are the prime factors of w(-10)?
2, 3, 5, 17
Let k(z) = -z - 6. Let i be k(-6). Suppose -2*m + i*m = -54. Suppose -2*n + m = -n. What are the prime factors of n?
3
Let g = -320 + 611. List the prime factors of g.
3, 97
Let t(u) be the second derivative of -u**5/10 - 17*u**4/6 - 2*u**3/3 - 3*u**2 + 40*u. What are the prime factors of t(-17)?
2, 31
Let b be 1*(-1156)/8*-2. Suppose g - 74 = 5*d, 2*g + d - b = -86. List the prime factors of g.
3, 11
Let s be (4/(-10))/((-2)/10). Suppose d = 1, -5*d = s*g - g - 7. Suppose g*b = -27 + 61. What are the prime factors of b?
17
Suppose h - 5*h = 0. Let t be (-6)/27 - 1180/(-45). Suppose -v = v - 3*a - t, -v + 4*a + 18 = h. What are the prime factors of v?
2, 5
Let u = 13 - 17. Suppose 8 = 2*i, -3*s + i + 8 + 18 = 0. Let o = u + s. List the prime factors of o.
2, 3
Let y = -63 + -23. Suppose 0 = 4*a - 4*u - 516, -31 + 527 = 4*a + u. Let h = y + a. What are the prime factors of h?
3, 13
Let f = 57 + -54. Let z(o) be the third derivative of o**5/60 - o**4/12 + o**3/2 + o**2. List the prime factors of z(f).
2, 3
Suppose 412 = 12*q - 368. Suppose 0*t + 20 = 5*t. What are the prime factors of ((-416)/q)/(t/(-10))?
2
Let i = -165 - -687. Suppose -2*v + i = v - 5*g, 0 = v - 3*g - 178. What are the prime factors of v?
13
Suppose 2985 = 2*m + 3*m. Suppose s = 3*l - m, 0 = 4*s - 7*s - 9. List the prime factors of l.
2, 3, 11
Let n(h) = 8*h. Let z be n(6). Suppose 2*t - z = 6*t. Let a(s) = -7*s - 13. List the prime factors of a(t).
71
Suppose -5*w - 3*y + 11514 = 0, -5*w + 17*y + 11496 = 14*y. List the prime factors of w.
3, 13, 59
Let o = -306 + 552. What are the prime factors of o?
2, 3, 41
Let u(i) = -169*i - 1. Let j(c) = -85*c. Let o(r) = -5*j(r) + 3*u(r). What are the prime factors of o(-1)?
79
Suppose -4*g - 54 = 26. Let h = g + 55. What are the prime factors of 208/14 + 5/h?
3, 5
Suppose 0 = 2*v + v - 210. Let k = 122 - v. What are the prime factors of k?
2, 13
Suppose -19*c + 4284 = 2*c. List the prime factors of c.
2, 3, 17
Let b(q) = 2*q**2 + 42*q - 7. List the prime factors of b(-48).
5, 11, 47
Let c be 9/(-11) - (-10)/(-55). Let u = c - -4. List the prime factors of 10*(u - (-11)/(-5)).
2
Let o be (-1 + 19)*(-4)/6. Let c be (o/1)/(-3) + 1. Suppose a - 139 = -4*m, c*a + 1 = -24. List the prime factors of m.
2, 3
Let i(n) = -n - 133. Let t be i(0). Let p = t - -266. List the prime factors of p.
7, 19
Suppose -22*t + 52*t - 49140 = 0. List the prime factors of t.
2, 3, 7, 13
Let r(s) = s**3 - 10*s**2 + 9*s + 1. Let o be r(9). Let b(t) = t - 23. Let l be b(26). List the prime factors of (368/24)/(o/l).
2, 23
Let v be (4 - (6 + -3))*0. Suppose v = 4*a - 5*w - 366, -5*a - 3*w + 437 = w. List the prime factors of a.
89
Suppose 20 - 8 = -3*s, -h - 15 = s. Let b be 45/(-2) + h/(-22). Let k = -6 - b. List the prime factors of k.
2
Suppose -2*p - 261 = p. Let d = -54 - p. List the prime factors of d.
3, 11
Suppose 0 = -4*d - 0*d + 128. List the prime factors of (-4)/(d/660)*2/(-3).
5, 11
What are the prime factors of (-18254)/(-10) + (-24)/(-80)*2?
2, 11, 83
Let a(j) = -j**3 + 30*j**2 + 39*j - 48. What are the prime factors of a(31)?
2, 5
Let z(k) = 92*k**2 + 103*k - 7. What are the prime factors of z(-6)?
2687
List the prime factors of (-3 - -24)/((-63)/(-9723)).
7, 463
Let g(r) = 3*r + 4. Let j(a) = 4*a + 4. Let v(b) = -3*g(b) + 2*j(b). Let o be v(0). List the prime factors of 3/(-6)*19*o.
2, 19
Suppose -5*r - f = f + 385, -r - 2*f - 77 = 0. What are the prime factors of 2*-1 + (4 - r)?
79
Let x be ((-5)/3 - (-14)/21)*8. List the prime factors of x/52 - (-966)/26.
37
Let p be (-2)/(-2) - 2/(-2). Let l = -26 - -44. Suppose -p*c - c = -l. What are the prime factors of c?
2, 3
Let c be (1 - 0)/(11/44). Let v be -4*((-13)/c + 3). Let z = 18 + v. What are the prime factors of z?
19
Let b = 1 - 2. List the prime factors of (b - -6)*(-1364)/(-55).
2, 31
Let h be (4 + -3)*(259 + -3 + 1). Let v = h + -154. What are the prime factors of v?
103
Let f(i) = -i**3 + 4*i**2 + 5. Let x be f(4). Let l(b) = -b**2 + 6*b - 3. Let w be l(x). Suppose -u + 43 - w = 0. List the prime factors of u.
41
Let m(o) = -o**2 + 12. Let d be m(-3). Suppose d*z + 7 = 1, 5*w = 5*z + 105. What are the prime factors of w?
19
Let c = 254 - -889. What are the prime factors of c?
3, 127
Let h(l) = l. Suppose 76 = 5*u - 0*a + 4*a, a - 31 = -2*u. Suppose 0 = 4*o - 0*o - u. List the prime factors of h(o).
2
Let w = 86 + -168. Let k = w + 141. What are the prime factors of k?
59
Let k(q) = 3*q + 5. Let g be k(6). Suppose -g*c - 235 = -28*c. What are the prime factors of c?
47
Let w = -39 + 40. What are the prime factors of -1 + -2 + w + 88?
2, 43
Let v = 849 + -564. List the prime factors of v.
3, 5, 19
Let u(r) = -3*r - 21. Let p be u(0). List the prime factors of (p/(-18))/((-2)/(-12)).
7
Let h = -142 + 167. Suppose 36*u = h*u + 2761. List the prime factors of u.
251
Let x = -34 - -44. Suppose 30 = x*g - 4*g. Suppose -192 = -4*p + r, p - 6*p + 225 = -g*r. What are the prime factors of p?
7
Let j(h) = 6*h**3 + 23*h**2 - 12*h + 2. List the prime factors of j(6).
2, 13, 79
Let i(p) = p**2 + 9*p - 14. Let r be i(-11). Suppose -r*f - 575 + 1503 = 0. List the prime factors of f.
2, 29
Let x be ((9 - 8)*(0 - 1))/1. List the prime factors of (1 + 12/4)/(x/(-48)).
2, 3
Let v = -146 - -87. Let g = 45 - v. What are the prime factors of g?
2, 13
Let h(b) = -b**2 + 1. Let d(y) = 7*y**2 + 5*y - 31. Let s(v) = d(v) + 6*h(v). List the prime factors of s(9).
101
Let l be (2 + 10/(-6))/((-4)/(-84)). Let x(q) be the third derivative of -q**4/24 + 17*q**3/6 - q**2. List the prime factors of x(l).
2, 5
Let m = 94 + 1332. What are the prime factors of m?
2, 23, 31
Let u be 108/(-8)*8/6. What are the prime factors of u/(-4)*-1*(-48)/6?
2, 3
Let l(h) = 250*h + 32. List the prime factors of l(3).
2, 17, 23
Let b(p) = 314*p**2 - 19*p + 3. What are the prime factors of b(2)?
3, 11, 37
What are the prime factors of (-37156)/(-42) - 5/(-15)?
3, 5, 59
List the prime factors of 4/(-36) + (-2487)/(-27).
2, 23
Let b = 18 + -18. Suppose 3*n - 2*x - 24 = 0, n + 5*x = -9 - b. What are the prime factors of n?
2, 3
Let l(r) = 141*r**2 + 3*r + 2. Let w be l(-1). List the prime factors of w/7*30/4.
2, 3, 5
Suppose -3*g - g - 821 = -3*b, 0 = -5*b + 4*g + 1363. What are the prime factors of b?
271
Let c = 139 - 138. Suppose 3*q - 4*x 